{"id":51,"date":"2026-04-23T12:23:54","date_gmt":"2026-04-23T12:23:54","guid":{"rendered":"https:\/\/bouture.org\/?page_id=51"},"modified":"2026-04-28T09:46:12","modified_gmt":"2026-04-28T09:46:12","slug":"services","status":"publish","type":"page","link":"https:\/\/bouture.org\/index.php\/services\/","title":{"rendered":"Services"},"content":{"rendered":"\n<h2 class=\"wp-block-heading \\&quot;has-text-align-center\\&quot; has-vivid-purple-color has-text-color has-link-color wp-elements-59709462bdf68fba1a4db937da56e933\">Nos Services RSE &amp; G\u00e9nie \u00c9cologique<\/h2>\n\n\n\n<p class=\"\\&quot;has-text-align-center\\&quot;\">Bouture com services est sp\u00e9cialis\u00e9e en g\u00e9nie \u00e9cologique et en op\u00e9rations RSE. Nous am\u00e9nageons vos espaces selon vos besoins et attentes pour d\u00e9velopper la biodiversit\u00e9, le bien-\u00eatre et la bienveillance.<\/p>\n\n\n\n<hr class=\"wp-block-separator has-alpha-channel-opacity \\&quot;wp-block-separator\"\/>\n\n\n\n<h2 class=\"wp-block-heading has-pale-pink-color has-text-color has-link-color wp-elements-8d3b41febd95c7e8c652086933387633\">\ud83c\udf39 Plantation de Rosiers pour entreprises<\/h2>\n\n\n\n<p>Bouture.com s\u00e9lectionne et plante les rosiers qui vont enrichir votre collection. Ticket de plantation de rosiers en France et \u00cele-de-France. Nous vous apportons conseil et expertise pour choisir les vari\u00e9t\u00e9s adapt\u00e9es \u00e0 votre sol et \u00e0 votre espace. \u260e <strong>06 76 75 21 00<\/strong><\/p>\n\n\n\n<h2 class=\"wp-block-heading has-vivid-red-color has-text-color has-link-color wp-elements-e0444f383a1852d2048d758610ebd5e2\">\ud83c\udf4e Vergers pour entreprises et collectivit\u00e9s<\/h2>\n\n\n\n<p>Plantation d\\&rsquo;arbres fruitiers (pommiers, cerisiers, poiriers, pruniers, figuiers ou autres). Bouture.com s\u00e9lectionne et plante les arbres qui vont enrichir votre collection. Prestation sur l\\&rsquo;ensemble du territoire fran\u00e7ais.<\/p>\n\n\n\n<h2 class=\"wp-block-heading has-ast-global-color-1-color has-text-color has-link-color wp-elements-ecb743ad1f6001caab2253afe27956c4\">\ud83c\udf38 Plantation de Pivoines arbustives<\/h2>\n\n\n\n<p>Ticket de plantation de pivoines en France. Bouture.com s\u00e9lectionne et plante les pivoines qui vont enrichir votre collection et attirer les pollinisateurs. Avril, c\\&rsquo;est le mois de la floraison des pivoines arbustives \u2014 leur fragrance attire nombre d\\&rsquo;insectes pollinisateurs et parfume le jardin.<\/p>\n\n\n\n<h2 class=\"wp-block-heading has-luminous-vivid-orange-color has-text-color has-link-color wp-elements-e8cd45f5ee7e48a8a8c575f006b08349\">\ud83e\udd55 Carr\u00e9 Potager<\/h2>\n\n\n\n<p>Disponible sur commande en mode achat ou en mode location. Fabriqu\u00e9 en France \u00e0 partir de bois recycl\u00e9 ou non. Prestations associ\u00e9es : installation, plantation, suivi. Plantes en fonction des saisons (m\u00e9dicinales, plants).<\/p>\n\n\n\n<h2 class=\"wp-block-heading has-vivid-cyan-blue-color has-text-color has-link-color wp-elements-dfb365fd66e768115fe2580b4ee39c04\">\ud83d\udd0d Recherche de plantes de collection<\/h2>\n\n\n\n<p>Assistance \u00e0 la cr\u00e9ation de collections de plantes (rosiers, pivoines), d\\&rsquo;arbres fruitiers (pommiers, cerisiers, poiriers, pruniers, figuiers ou autres) ou d\\&rsquo;ornements. Recherche des vari\u00e9t\u00e9s en fonction de la situation et des crit\u00e8res du sol. Bilan de biodiversit\u00e9. \u260e <strong>06 76 75 21 00<\/strong><\/p>\n\n\n\n<h2 class=\"wp-block-heading has-vivid-cyan-blue-color has-text-color has-link-color wp-elements-2c70dbbc39f862cc8c5a44ac67b4d2db\">\ud83c\udf10 Mise en relation p\u00e9pini\u00e9ristes &amp; paysagistes<\/h2>\n\n\n\n<p>Aux collectionneurs, entreprises, collectivit\u00e9s ou particuliers, bouture.com vous met en relation avec une communaut\u00e9 de p\u00e9pini\u00e9ristes et de paysagistes, et d\\&rsquo;associations vertes de r\u00e9insertion.<\/p>\n\n\n\n<p>\ud83c\udf33 <\/p>\n\n\n\n<h2 class=\"wp-block-heading\">\u267b\ufe0f Accompagnement RSE &amp; CSRD<\/h2>\n\n\n\n<p>Am\u00e9nager localement ses espaces verts avec de la biodiversit\u00e9 permet d\\&rsquo;agir sur son empreinte carbone \u00e0 court terme. Nos actions r\u00e9pondent aux enjeux autour de la CSRD \u2014 de l\\&rsquo;impact, du collaboratif, de l\\&rsquo;inclusion.<\/p>\n\n\n\n<hr class=\"wp-block-separator has-alpha-channel-opacity \\&quot;wp-block-separator\"\/>\n\n\n\n<div class=\"wp-block-group \\&quot;wp-block-group\\&quot; is-layout-flow wp-block-group-is-layout-flow\">\n<h2 class=\"wp-block-heading \\&quot;has-white-color\">Contactez Philippe pour un devis<\/h2>\n\n\n\n<p class=\"\\&quot;has-white-color\">\ud83d\udcde 06 76 75 21 00 &nbsp;&nbsp; \u2709 philippe@bouture.com &nbsp;&nbsp; \ud83c\udf10 bouture.org\/<\/p>\n<\/div>\n","protected":false},"excerpt":{"rendered":"<p>Nos Services RSE &amp; G\u00e9nie \u00c9cologique Bouture com services est sp\u00e9cialis\u00e9e en g\u00e9nie \u00e9cologique et en op\u00e9rations RSE. Nous am\u00e9nageons [&hellip;]<\/p>\n","protected":false},"author":2,"featured_media":170,"parent":0,"menu_order":0,"comment_status":"closed","ping_status":"closed","template":"","meta":{"_uag_custom_page_level_css":"","site-sidebar-layout":"default","site-content-layout":"","ast-site-content-layout":"default","site-content-style":"default","site-sidebar-style":"default","ast-global-header-display":"","ast-banner-title-visibility":"","ast-main-header-display":"","ast-hfb-above-header-display":"","ast-hfb-below-header-display":"","ast-hfb-mobile-header-display":"","site-post-title":"","ast-breadcrumbs-content":"","ast-featured-img":"","footer-sml-layout":"","ast-disable-related-posts":"","theme-transparent-header-meta":"","adv-header-id-meta":"","stick-header-meta":"","header-above-stick-meta":"","header-main-stick-meta":"","header-below-stick-meta":"","astra-migrate-meta-layouts":"default","ast-page-background-enabled":"default","ast-page-background-meta":{"desktop":{"background-color":"var(--ast-global-color-5)","background-image":"","background-repeat":"repeat","background-position":"center center","background-size":"auto","background-attachment":"scroll","background-type":"","background-media":"","overlay-type":"","overlay-color":"","overlay-opacity":"","overlay-gradient":""},"tablet":{"background-color":"","background-image":"","background-repeat":"repeat","background-position":"center center","background-size":"auto","background-attachment":"scroll","background-type":"","background-media":"","overlay-type":"","overlay-color":"","overlay-opacity":"","overlay-gradient":""},"mobile":{"background-color":"","background-image":"","background-repeat":"repeat","background-position":"center center","background-size":"auto","background-attachment":"scroll","background-type":"","background-media":"","overlay-type":"","overlay-color":"","overlay-opacity":"","overlay-gradient":""}},"ast-content-background-meta":{"desktop":{"background-color":"var(--ast-global-color-4)","background-image":"","background-repeat":"repeat","background-position":"center center","background-size":"auto","background-attachment":"scroll","background-type":"","background-media":"","overlay-type":"","overlay-color":"","overlay-opacity":"","overlay-gradient":""},"tablet":{"background-color":"var(--ast-global-color-4)","background-image":"","background-repeat":"repeat","background-position":"center center","background-size":"auto","background-attachment":"scroll","background-type":"","background-media":"","overlay-type":"","overlay-color":"","overlay-opacity":"","overlay-gradient":""},"mobile":{"background-color":"var(--ast-global-color-4)","background-image":"","background-repeat":"repeat","background-position":"center center","background-size":"auto","background-attachment":"scroll","background-type":"","background-media":"","overlay-type":"","overlay-color":"","overlay-opacity":"","overlay-gradient":""}},"footnotes":""},"class_list":["post-51","page","type-page","status-publish","has-post-thumbnail","hentry"],"yoast_head":"<!-- This site is optimized with the Yoast SEO plugin v27.4 - https:\/\/yoast.com\/product\/yoast-seo-wordpress\/ -->\n<title>Services - Bouture.org \u2014 RSE Biodiversit\u00e9 : Jardins Vivants &amp; Animations Nature pour Entreprises<\/title>\n<meta name=\"robots\" content=\"index, follow, max-snippet:-1, max-image-preview:large, max-video-preview:-1\" \/>\n<link rel=\"canonical\" href=\"https:\/\/bouture.org\/index.php\/services\/\" \/>\n<meta property=\"og:locale\" content=\"fr_FR\" \/>\n<meta property=\"og:type\" content=\"article\" \/>\n<meta property=\"og:title\" content=\"Services - Bouture.org \u2014 RSE Biodiversit\u00e9 : Jardins Vivants &amp; Animations Nature pour Entreprises\" \/>\n<meta property=\"og:description\" content=\"Nos Services RSE &amp; G\u00e9nie \u00c9cologique Bouture com services est sp\u00e9cialis\u00e9e en g\u00e9nie \u00e9cologique et en op\u00e9rations RSE. Nous am\u00e9nageons [&hellip;]\" \/>\n<meta property=\"og:url\" content=\"https:\/\/bouture.org\/index.php\/services\/\" \/>\n<meta property=\"og:site_name\" content=\"Bouture.org \u2014 RSE Biodiversit\u00e9 : Jardins Vivants &amp; Animations Nature pour Entreprises\" \/>\n<meta property=\"article:modified_time\" content=\"2026-04-28T09:46:12+00:00\" \/>\n<meta property=\"og:image\" content=\"http:\/\/bouture.org\/wp-content\/uploads\/2026\/04\/libellule.jpg\" \/>\n\t<meta property=\"og:image:width\" content=\"1630\" \/>\n\t<meta property=\"og:image:height\" content=\"1087\" \/>\n\t<meta property=\"og:image:type\" content=\"image\/jpeg\" \/>\n<meta name=\"twitter:card\" content=\"summary_large_image\" \/>\n<meta name=\"twitter:label1\" content=\"Dur\u00e9e de lecture estim\u00e9e\" \/>\n\t<meta name=\"twitter:data1\" content=\"2 minutes\" \/>\n<script type=\"application\/ld+json\" class=\"yoast-schema-graph\">{\"@context\":\"https:\\\/\\\/schema.org\",\"@graph\":[{\"@type\":\"WebPage\",\"@id\":\"https:\\\/\\\/bouture.org\\\/index.php\\\/services\\\/\",\"url\":\"https:\\\/\\\/bouture.org\\\/index.php\\\/services\\\/\",\"name\":\"Services - Bouture.org \u2014 RSE Biodiversit\u00e9 : Jardins Vivants &amp; Animations Nature pour Entreprises\",\"isPartOf\":{\"@id\":\"https:\\\/\\\/bouture.org\\\/#website\"},\"primaryImageOfPage\":{\"@id\":\"https:\\\/\\\/bouture.org\\\/index.php\\\/services\\\/#primaryimage\"},\"image\":{\"@id\":\"https:\\\/\\\/bouture.org\\\/index.php\\\/services\\\/#primaryimage\"},\"thumbnailUrl\":\"https:\\\/\\\/bouture.org\\\/wp-content\\\/uploads\\\/2026\\\/04\\\/libellule.jpg\",\"datePublished\":\"2026-04-23T12:23:54+00:00\",\"dateModified\":\"2026-04-28T09:46:12+00:00\",\"breadcrumb\":{\"@id\":\"https:\\\/\\\/bouture.org\\\/index.php\\\/services\\\/#breadcrumb\"},\"inLanguage\":\"fr-FR\",\"potentialAction\":[{\"@type\":\"ReadAction\",\"target\":[\"https:\\\/\\\/bouture.org\\\/index.php\\\/services\\\/\"]}]},{\"@type\":\"ImageObject\",\"inLanguage\":\"fr-FR\",\"@id\":\"https:\\\/\\\/bouture.org\\\/index.php\\\/services\\\/#primaryimage\",\"url\":\"https:\\\/\\\/bouture.org\\\/wp-content\\\/uploads\\\/2026\\\/04\\\/libellule.jpg\",\"contentUrl\":\"https:\\\/\\\/bouture.org\\\/wp-content\\\/uploads\\\/2026\\\/04\\\/libellule.jpg\",\"width\":1630,\"height\":1087,\"caption\":\"libellule\"},{\"@type\":\"BreadcrumbList\",\"@id\":\"https:\\\/\\\/bouture.org\\\/index.php\\\/services\\\/#breadcrumb\",\"itemListElement\":[{\"@type\":\"ListItem\",\"position\":1,\"name\":\"Accueil\",\"item\":\"https:\\\/\\\/bouture.org\\\/\"},{\"@type\":\"ListItem\",\"position\":2,\"name\":\"Services\"}]},{\"@type\":\"WebSite\",\"@id\":\"https:\\\/\\\/bouture.org\\\/#website\",\"url\":\"https:\\\/\\\/bouture.org\\\/\",\"name\":\"Bouture.org \u2014 RSE Biodiversit\u00e9 : Jardins Vivants &amp; Animations Nature pour Entreprises\",\"description\":\"Biodiversit\u00e9, Bien-\u00eatre &amp; Bienveillance Une approche soci\u00e9tale et humaine de l&#039;\u00e9cologie.\",\"publisher\":{\"@id\":\"https:\\\/\\\/bouture.org\\\/#organization\"},\"potentialAction\":[{\"@type\":\"SearchAction\",\"target\":{\"@type\":\"EntryPoint\",\"urlTemplate\":\"https:\\\/\\\/bouture.org\\\/?s={search_term_string}\"},\"query-input\":{\"@type\":\"PropertyValueSpecification\",\"valueRequired\":true,\"valueName\":\"search_term_string\"}}],\"inLanguage\":\"fr-FR\"},{\"@type\":\"Organization\",\"@id\":\"https:\\\/\\\/bouture.org\\\/#organization\",\"name\":\"Bouture.org \u2014 RSE Biodiversit\u00e9 : Jardins Vivants &amp; Animations Nature pour Entreprises\",\"url\":\"https:\\\/\\\/bouture.org\\\/\",\"logo\":{\"@type\":\"ImageObject\",\"inLanguage\":\"fr-FR\",\"@id\":\"https:\\\/\\\/bouture.org\\\/#\\\/schema\\\/logo\\\/image\\\/\",\"url\":\"https:\\\/\\\/bouture.org\\\/wp-content\\\/uploads\\\/2026\\\/04\\\/bouture_logo_header_200x60.png\",\"contentUrl\":\"https:\\\/\\\/bouture.org\\\/wp-content\\\/uploads\\\/2026\\\/04\\\/bouture_logo_header_200x60.png\",\"width\":200,\"height\":60,\"caption\":\"Bouture.org \u2014 RSE Biodiversit\u00e9 : Jardins Vivants &amp; Animations Nature pour Entreprises\"},\"image\":{\"@id\":\"https:\\\/\\\/bouture.org\\\/#\\\/schema\\\/logo\\\/image\\\/\"}}]}<\/script>\n<!-- \/ Yoast SEO plugin. -->","yoast_head_json":{"title":"Services - Bouture.org \u2014 RSE Biodiversit\u00e9 : Jardins Vivants &amp; Animations Nature pour Entreprises","robots":{"index":"index","follow":"follow","max-snippet":"max-snippet:-1","max-image-preview":"max-image-preview:large","max-video-preview":"max-video-preview:-1"},"canonical":"https:\/\/bouture.org\/index.php\/services\/","og_locale":"fr_FR","og_type":"article","og_title":"Services - Bouture.org \u2014 RSE Biodiversit\u00e9 : Jardins Vivants &amp; Animations Nature pour Entreprises","og_description":"Nos Services RSE &amp; G\u00e9nie \u00c9cologique Bouture com services est sp\u00e9cialis\u00e9e en g\u00e9nie \u00e9cologique et en op\u00e9rations RSE. Nous am\u00e9nageons [&hellip;]","og_url":"https:\/\/bouture.org\/index.php\/services\/","og_site_name":"Bouture.org \u2014 RSE Biodiversit\u00e9 : Jardins Vivants &amp; Animations Nature pour Entreprises","article_modified_time":"2026-04-28T09:46:12+00:00","og_image":[{"width":1630,"height":1087,"url":"http:\/\/bouture.org\/wp-content\/uploads\/2026\/04\/libellule.jpg","type":"image\/jpeg"}],"twitter_card":"summary_large_image","twitter_misc":{"Dur\u00e9e de lecture estim\u00e9e":"2 minutes"},"schema":{"@context":"https:\/\/schema.org","@graph":[{"@type":"WebPage","@id":"https:\/\/bouture.org\/index.php\/services\/","url":"https:\/\/bouture.org\/index.php\/services\/","name":"Services - Bouture.org \u2014 RSE Biodiversit\u00e9 : Jardins Vivants &amp; Animations Nature pour Entreprises","isPartOf":{"@id":"https:\/\/bouture.org\/#website"},"primaryImageOfPage":{"@id":"https:\/\/bouture.org\/index.php\/services\/#primaryimage"},"image":{"@id":"https:\/\/bouture.org\/index.php\/services\/#primaryimage"},"thumbnailUrl":"https:\/\/bouture.org\/wp-content\/uploads\/2026\/04\/libellule.jpg","datePublished":"2026-04-23T12:23:54+00:00","dateModified":"2026-04-28T09:46:12+00:00","breadcrumb":{"@id":"https:\/\/bouture.org\/index.php\/services\/#breadcrumb"},"inLanguage":"fr-FR","potentialAction":[{"@type":"ReadAction","target":["https:\/\/bouture.org\/index.php\/services\/"]}]},{"@type":"ImageObject","inLanguage":"fr-FR","@id":"https:\/\/bouture.org\/index.php\/services\/#primaryimage","url":"https:\/\/bouture.org\/wp-content\/uploads\/2026\/04\/libellule.jpg","contentUrl":"https:\/\/bouture.org\/wp-content\/uploads\/2026\/04\/libellule.jpg","width":1630,"height":1087,"caption":"libellule"},{"@type":"BreadcrumbList","@id":"https:\/\/bouture.org\/index.php\/services\/#breadcrumb","itemListElement":[{"@type":"ListItem","position":1,"name":"Accueil","item":"https:\/\/bouture.org\/"},{"@type":"ListItem","position":2,"name":"Services"}]},{"@type":"WebSite","@id":"https:\/\/bouture.org\/#website","url":"https:\/\/bouture.org\/","name":"Bouture.org \u2014 RSE Biodiversit\u00e9 : Jardins Vivants &amp; Animations Nature pour Entreprises","description":"Biodiversit\u00e9, Bien-\u00eatre &amp; Bienveillance Une approche soci\u00e9tale et humaine de l&#039;\u00e9cologie.","publisher":{"@id":"https:\/\/bouture.org\/#organization"},"potentialAction":[{"@type":"SearchAction","target":{"@type":"EntryPoint","urlTemplate":"https:\/\/bouture.org\/?s={search_term_string}"},"query-input":{"@type":"PropertyValueSpecification","valueRequired":true,"valueName":"search_term_string"}}],"inLanguage":"fr-FR"},{"@type":"Organization","@id":"https:\/\/bouture.org\/#organization","name":"Bouture.org \u2014 RSE Biodiversit\u00e9 : Jardins Vivants &amp; Animations Nature pour Entreprises","url":"https:\/\/bouture.org\/","logo":{"@type":"ImageObject","inLanguage":"fr-FR","@id":"https:\/\/bouture.org\/#\/schema\/logo\/image\/","url":"https:\/\/bouture.org\/wp-content\/uploads\/2026\/04\/bouture_logo_header_200x60.png","contentUrl":"https:\/\/bouture.org\/wp-content\/uploads\/2026\/04\/bouture_logo_header_200x60.png","width":200,"height":60,"caption":"Bouture.org \u2014 RSE Biodiversit\u00e9 : Jardins Vivants &amp; Animations Nature pour Entreprises"},"image":{"@id":"https:\/\/bouture.org\/#\/schema\/logo\/image\/"}}]}},"uagb_featured_image_src":{"full":["https:\/\/bouture.org\/wp-content\/uploads\/2026\/04\/libellule.jpg",1630,1087,false],"thumbnail":["https:\/\/bouture.org\/wp-content\/uploads\/2026\/04\/libellule-150x150.jpg",150,150,true],"medium":["https:\/\/bouture.org\/wp-content\/uploads\/2026\/04\/libellule-300x200.jpg",300,200,true],"medium_large":["https:\/\/bouture.org\/wp-content\/uploads\/2026\/04\/libellule-768x512.jpg",768,512,true],"large":["https:\/\/bouture.org\/wp-content\/uploads\/2026\/04\/libellule-1024x683.jpg",1024,683,true],"1536x1536":["https:\/\/bouture.org\/wp-content\/uploads\/2026\/04\/libellule-1536x1024.jpg",1536,1024,true],"2048x2048":["https:\/\/bouture.org\/wp-content\/uploads\/2026\/04\/libellule.jpg",1630,1087,false]},"uagb_author_info":{"display_name":"Philippe Wasselin","author_link":"https:\/\/bouture.org\/index.php\/author\/philippe\/"},"uagb_comment_info":0,"uagb_excerpt":"Nos Services RSE &amp; G\u00e9nie \u00c9cologique Bouture com services est sp\u00e9cialis\u00e9e en g\u00e9nie \u00e9cologique et en op\u00e9rations RSE. Nous am\u00e9nageons [&hellip;]","_links":{"self":[{"href":"https:\/\/bouture.org\/index.php\/wp-json\/wp\/v2\/pages\/51","targetHints":{"allow":["GET"]}}],"collection":[{"href":"https:\/\/bouture.org\/index.php\/wp-json\/wp\/v2\/pages"}],"about":[{"href":"https:\/\/bouture.org\/index.php\/wp-json\/wp\/v2\/types\/page"}],"author":[{"embeddable":true,"href":"https:\/\/bouture.org\/index.php\/wp-json\/wp\/v2\/users\/2"}],"replies":[{"embeddable":true,"href":"https:\/\/bouture.org\/index.php\/wp-json\/wp\/v2\/comments?post=51"}],"version-history":[{"count":2,"href":"https:\/\/bouture.org\/index.php\/wp-json\/wp\/v2\/pages\/51\/revisions"}],"predecessor-version":[{"id":205,"href":"https:\/\/bouture.org\/index.php\/wp-json\/wp\/v2\/pages\/51\/revisions\/205"}],"wp:featuredmedia":[{"embeddable":true,"href":"https:\/\/bouture.org\/index.php\/wp-json\/wp\/v2\/media\/170"}],"wp:attachment":[{"href":"https:\/\/bouture.org\/index.php\/wp-json\/wp\/v2\/media?parent=51"}],"curies":[{"name":"wp","href":"https:\/\/api.w.org\/{rel}","templated":true}]}}