{"id":52,"date":"2026-04-28T09:43:43","date_gmt":"2026-04-28T09:43:43","guid":{"rendered":"https:\/\/bouture.org\/?page_id=52"},"modified":"2026-04-28T09:43:44","modified_gmt":"2026-04-28T09:43:44","slug":"jardins","status":"publish","type":"page","link":"https:\/\/bouture.org\/index.php\/jardins\/","title":{"rendered":"Jardins Collaboratifs"},"content":{"rendered":"\n<h1 class=\"\\&quot;has-text-align-center\\&quot; wp-block-heading\">Jardins Collaboratifs &amp; Biodiversit\u00e9<\/h1>\n\n\n\n<p class=\"\\&quot;has-text-align-center\\&quot;\">Nous participons \u00e0 vos c\u00f4t\u00e9s \u00e0 l\\&rsquo;optimisation de la Qualit\u00e9 de Vie au Travail en r\u00e9alisant les jardins collaboratifs de votre entreprise. Nombreux jardins de r\u00e9f\u00e9rence r\u00e9alis\u00e9s pour des si\u00e8ges sociaux, des centres de recherche, des sites de production.<\/p>\n\n\n\n<hr class=\\\"wp-block-separator has-alpha-channel-opacity\\\"\/>\n\n\n\n<h2 class=\"wp-block-heading\">\ud83c\udfe2 Am\u00e9nagement de Patios collaboratifs<\/h2>\n\n\n\n<p>Cr\u00e9ation d\\&rsquo;espaces de d\u00e9tente et de reconnexion \u00e0 la nature au c\u0153ur de l\\&rsquo;entreprise. R\u00e9alisation pour des clients industriels et d\\&rsquo;habitat de solutions d\\&rsquo;optimisation de la biodiversit\u00e9 et du bien-\u00eatre et de la bienveillance.<br><strong>R\u00e9f\u00e9rence :<\/strong> Storengy Cerville \u2014 G\u00e9nie \u00e9cologique du projet participatif Patio Solidaire \u2014 Challenge Initiatives 2017 \u2014 Prix \u00ab Mieux Travailler Ensemble \u00bb.<\/p>\n\n\n\n<h2 class=\"wp-block-heading\">\ud83c\udf3f Jardins des Simples<\/h2>\n\n\n\n<p>Cr\u00e9ation de jardins de plantes m\u00e9dicinales et aromatiques, alliant patrimoine botanique et biodiversit\u00e9 fonctionnelle. Ces jardins permettent de d\u00e9couvrir ou red\u00e9couvrir les vertus des plantes tout en cr\u00e9ant un espace de s\u00e9r\u00e9nit\u00e9 pour les collaborateurs.<\/p>\n\n\n\n<h2 class=\"wp-block-heading\">\ud83c\udf3a Jardins de Fleurs et de Fragrances<\/h2>\n\n\n\n<p>Cr\u00e9ation de jardins alliant beaut\u00e9 visuelle et richesse olfactive \u2014 pivoines arbustives, rosiers, reines des pr\u00e9s et plantes \u00e0 fragrance. Ces jardins stimulent les sens et favorisent le bien-\u00eatre des collaborateurs.<br><strong>R\u00e9f\u00e9rence :<\/strong> Thales R&amp;D \u2014 Volet Bien-\u00eatre des collaborateurs, Biodiversit\u00e9, Biomim\u00e9tisme, Insertion.<\/p>\n\n\n\n<h2 class=\"wp-block-heading\">\ud83c\udf4f Vergers conservatoires<\/h2>\n\n\n\n<p>Cr\u00e9ation de vergers innovants et conservatoires autour de la biodiversit\u00e9 et de la bienveillance. S\u00e9lection de vari\u00e9t\u00e9s anciennes et locales, plantation participative avec les \u00e9quipes. Pommiers, cerisiers, poiriers, pruniers, figuiers, framboisiers, noisetiers.<\/p>\n\n\n\n<h2 class=\"wp-block-heading\">\ud83d\udc1d Jardins aux Abeilles &amp; Pollinisateurs<\/h2>\n\n\n\n<p>Favoriser les pollinisateurs sauvages et domestiques en cr\u00e9ant des espaces adapt\u00e9s \u00e0 leur d\u00e9veloppement et \u00e0 leur alimentation. Am\u00e9nagement de prairies fleuries, haies mellif\u00e8res, h\u00f4tels \u00e0 insectes. Les abeilles sauvages (solitaires, ma\u00e7onnes, charpenti\u00e8res) repr\u00e9sentent un millier d\\&rsquo;esp\u00e8ces \u00e0 pr\u00e9server.<\/p>\n\n\n\n<h2 class=\"wp-block-heading\">\ud83c\udf3e Re-wilding &amp; Recherche<\/h2>\n\n\n\n<p>Op\u00e9rations de re-wilding int\u00e9gr\u00e9es avec les territoires et en lien avec des organismes de recherche. Expertise sp\u00e9cifique : jardins d\\&rsquo;observation de la biodiversit\u00e9, re-naturalisation d\\&rsquo;espaces industriels, int\u00e9gration dans les d\u00e9marches CSRD.<\/p>\n\n\n\n<h2 class=\"wp-block-heading\">\ud83c\udf8b Collections de Plantes<\/h2>\n\n\n\n<p>Cr\u00e9ation et gestion de collections de rosiers, pivoines arbustives, iris ensata, reines des pr\u00e9s, arbres fruitiers. Bilan de biodiversit\u00e9, s\u00e9lection selon votre sol et vos crit\u00e8res. Mise en relation avec p\u00e9pini\u00e9ristes partenaires sp\u00e9cialis\u00e9s.<\/p>\n\n\n\n<hr class=\"wp-block-separator has-alpha-channel-opacity \\&quot;wp-block-separator\"\/>\n\n\n\n<div class=\"wp-block-group \\&quot;wp-block-group\\&quot; is-layout-flow wp-block-group-is-layout-flow\">\n<h2 class=\"wp-block-heading \\&quot;has-white-color\">Un projet de jardin ? Parlons-en !<\/h2>\n\n\n\n<p class=\"\\&quot;has-white-color\">\ud83d\udcde 06 76 75 21 00 &nbsp;&nbsp; \u2709 philippe@bouture.com<\/p>\n<\/div>\n","protected":false},"excerpt":{"rendered":"<p>Jardins Collaboratifs &amp; Biodiversit\u00e9 Nous participons \u00e0 vos c\u00f4t\u00e9s \u00e0 l\\&rsquo;optimisation de la Qualit\u00e9 de Vie au Travail en r\u00e9alisant [&hellip;]<\/p>\n","protected":false},"author":2,"featured_media":0,"parent":0,"menu_order":0,"comment_status":"closed","ping_status":"closed","template":"","meta":{"_uag_custom_page_level_css":"","site-sidebar-layout":"default","site-content-layout":"","ast-site-content-layout":"default","site-content-style":"default","site-sidebar-style":"default","ast-global-header-display":"","ast-banner-title-visibility":"","ast-main-header-display":"","ast-hfb-above-header-display":"","ast-hfb-below-header-display":"","ast-hfb-mobile-header-display":"","site-post-title":"","ast-breadcrumbs-content":"","ast-featured-img":"","footer-sml-layout":"","ast-disable-related-posts":"","theme-transparent-header-meta":"","adv-header-id-meta":"","stick-header-meta":"","header-above-stick-meta":"","header-main-stick-meta":"","header-below-stick-meta":"","astra-migrate-meta-layouts":"default","ast-page-background-enabled":"default","ast-page-background-meta":{"desktop":{"background-color":"var(--ast-global-color-5)","background-image":"","background-repeat":"repeat","background-position":"center center","background-size":"auto","background-attachment":"scroll","background-type":"","background-media":"","overlay-type":"","overlay-color":"","overlay-opacity":"","overlay-gradient":""},"tablet":{"background-color":"","background-image":"","background-repeat":"repeat","background-position":"center center","background-size":"auto","background-attachment":"scroll","background-type":"","background-media":"","overlay-type":"","overlay-color":"","overlay-opacity":"","overlay-gradient":""},"mobile":{"background-color":"","background-image":"","background-repeat":"repeat","background-position":"center center","background-size":"auto","background-attachment":"scroll","background-type":"","background-media":"","overlay-type":"","overlay-color":"","overlay-opacity":"","overlay-gradient":""}},"ast-content-background-meta":{"desktop":{"background-color":"var(--ast-global-color-4)","background-image":"","background-repeat":"repeat","background-position":"center center","background-size":"auto","background-attachment":"scroll","background-type":"","background-media":"","overlay-type":"","overlay-color":"","overlay-opacity":"","overlay-gradient":""},"tablet":{"background-color":"var(--ast-global-color-4)","background-image":"","background-repeat":"repeat","background-position":"center center","background-size":"auto","background-attachment":"scroll","background-type":"","background-media":"","overlay-type":"","overlay-color":"","overlay-opacity":"","overlay-gradient":""},"mobile":{"background-color":"var(--ast-global-color-4)","background-image":"","background-repeat":"repeat","background-position":"center center","background-size":"auto","background-attachment":"scroll","background-type":"","background-media":"","overlay-type":"","overlay-color":"","overlay-opacity":"","overlay-gradient":""}},"footnotes":""},"class_list":["post-52","page","type-page","status-publish","hentry"],"yoast_head":"<!-- This site is optimized with the Yoast SEO plugin v27.4 - https:\/\/yoast.com\/product\/yoast-seo-wordpress\/ -->\n<title>Jardins Collaboratifs - Bouture.org \u2014 RSE Biodiversit\u00e9 : Jardins Vivants &amp; Animations Nature pour Entreprises<\/title>\n<meta name=\"robots\" content=\"index, follow, max-snippet:-1, max-image-preview:large, max-video-preview:-1\" \/>\n<link rel=\"canonical\" href=\"https:\/\/bouture.org\/index.php\/jardins\/\" \/>\n<meta property=\"og:locale\" content=\"fr_FR\" \/>\n<meta property=\"og:type\" content=\"article\" \/>\n<meta property=\"og:title\" content=\"Jardins Collaboratifs - Bouture.org \u2014 RSE Biodiversit\u00e9 : Jardins Vivants &amp; Animations Nature pour Entreprises\" \/>\n<meta property=\"og:description\" content=\"Jardins Collaboratifs &amp; Biodiversit\u00e9 Nous participons \u00e0 vos c\u00f4t\u00e9s \u00e0 l&rsquo;optimisation de la Qualit\u00e9 de Vie au Travail en r\u00e9alisant [&hellip;]\" \/>\n<meta property=\"og:url\" content=\"https:\/\/bouture.org\/index.php\/jardins\/\" \/>\n<meta property=\"og:site_name\" content=\"Bouture.org \u2014 RSE Biodiversit\u00e9 : Jardins Vivants &amp; Animations Nature pour Entreprises\" \/>\n<meta property=\"article:modified_time\" content=\"2026-04-28T09:43:44+00:00\" \/>\n<meta name=\"twitter:card\" content=\"summary_large_image\" \/>\n<meta name=\"twitter:label1\" content=\"Dur\u00e9e de lecture estim\u00e9e\" \/>\n\t<meta name=\"twitter:data1\" content=\"2 minutes\" \/>\n<script type=\"application\/ld+json\" class=\"yoast-schema-graph\">{\"@context\":\"https:\\\/\\\/schema.org\",\"@graph\":[{\"@type\":\"WebPage\",\"@id\":\"https:\\\/\\\/bouture.org\\\/index.php\\\/jardins\\\/\",\"url\":\"https:\\\/\\\/bouture.org\\\/index.php\\\/jardins\\\/\",\"name\":\"Jardins Collaboratifs - Bouture.org \u2014 RSE Biodiversit\u00e9 : Jardins Vivants &amp; Animations Nature pour Entreprises\",\"isPartOf\":{\"@id\":\"https:\\\/\\\/bouture.org\\\/#website\"},\"datePublished\":\"2026-04-28T09:43:43+00:00\",\"dateModified\":\"2026-04-28T09:43:44+00:00\",\"breadcrumb\":{\"@id\":\"https:\\\/\\\/bouture.org\\\/index.php\\\/jardins\\\/#breadcrumb\"},\"inLanguage\":\"fr-FR\",\"potentialAction\":[{\"@type\":\"ReadAction\",\"target\":[\"https:\\\/\\\/bouture.org\\\/index.php\\\/jardins\\\/\"]}]},{\"@type\":\"BreadcrumbList\",\"@id\":\"https:\\\/\\\/bouture.org\\\/index.php\\\/jardins\\\/#breadcrumb\",\"itemListElement\":[{\"@type\":\"ListItem\",\"position\":1,\"name\":\"Accueil\",\"item\":\"https:\\\/\\\/bouture.org\\\/\"},{\"@type\":\"ListItem\",\"position\":2,\"name\":\"Jardins Collaboratifs\"}]},{\"@type\":\"WebSite\",\"@id\":\"https:\\\/\\\/bouture.org\\\/#website\",\"url\":\"https:\\\/\\\/bouture.org\\\/\",\"name\":\"Bouture.org \u2014 RSE Biodiversit\u00e9 : Jardins Vivants &amp; Animations Nature pour Entreprises\",\"description\":\"Biodiversit\u00e9, Bien-\u00eatre &amp; Bienveillance Une approche soci\u00e9tale et humaine de l&#039;\u00e9cologie.\",\"publisher\":{\"@id\":\"https:\\\/\\\/bouture.org\\\/#organization\"},\"potentialAction\":[{\"@type\":\"SearchAction\",\"target\":{\"@type\":\"EntryPoint\",\"urlTemplate\":\"https:\\\/\\\/bouture.org\\\/?s={search_term_string}\"},\"query-input\":{\"@type\":\"PropertyValueSpecification\",\"valueRequired\":true,\"valueName\":\"search_term_string\"}}],\"inLanguage\":\"fr-FR\"},{\"@type\":\"Organization\",\"@id\":\"https:\\\/\\\/bouture.org\\\/#organization\",\"name\":\"Bouture.org \u2014 RSE Biodiversit\u00e9 : Jardins Vivants &amp; Animations Nature pour Entreprises\",\"url\":\"https:\\\/\\\/bouture.org\\\/\",\"logo\":{\"@type\":\"ImageObject\",\"inLanguage\":\"fr-FR\",\"@id\":\"https:\\\/\\\/bouture.org\\\/#\\\/schema\\\/logo\\\/image\\\/\",\"url\":\"https:\\\/\\\/bouture.org\\\/wp-content\\\/uploads\\\/2026\\\/04\\\/bouture_logo_header_200x60.png\",\"contentUrl\":\"https:\\\/\\\/bouture.org\\\/wp-content\\\/uploads\\\/2026\\\/04\\\/bouture_logo_header_200x60.png\",\"width\":200,\"height\":60,\"caption\":\"Bouture.org \u2014 RSE Biodiversit\u00e9 : Jardins Vivants &amp; Animations Nature pour Entreprises\"},\"image\":{\"@id\":\"https:\\\/\\\/bouture.org\\\/#\\\/schema\\\/logo\\\/image\\\/\"}}]}<\/script>\n<!-- \/ Yoast SEO plugin. -->","yoast_head_json":{"title":"Jardins Collaboratifs - Bouture.org \u2014 RSE Biodiversit\u00e9 : Jardins Vivants &amp; Animations Nature pour Entreprises","robots":{"index":"index","follow":"follow","max-snippet":"max-snippet:-1","max-image-preview":"max-image-preview:large","max-video-preview":"max-video-preview:-1"},"canonical":"https:\/\/bouture.org\/index.php\/jardins\/","og_locale":"fr_FR","og_type":"article","og_title":"Jardins Collaboratifs - Bouture.org \u2014 RSE Biodiversit\u00e9 : Jardins Vivants &amp; Animations Nature pour Entreprises","og_description":"Jardins Collaboratifs &amp; Biodiversit\u00e9 Nous participons \u00e0 vos c\u00f4t\u00e9s \u00e0 l&rsquo;optimisation de la Qualit\u00e9 de Vie au Travail en r\u00e9alisant [&hellip;]","og_url":"https:\/\/bouture.org\/index.php\/jardins\/","og_site_name":"Bouture.org \u2014 RSE Biodiversit\u00e9 : Jardins Vivants &amp; Animations Nature pour Entreprises","article_modified_time":"2026-04-28T09:43:44+00:00","twitter_card":"summary_large_image","twitter_misc":{"Dur\u00e9e de lecture estim\u00e9e":"2 minutes"},"schema":{"@context":"https:\/\/schema.org","@graph":[{"@type":"WebPage","@id":"https:\/\/bouture.org\/index.php\/jardins\/","url":"https:\/\/bouture.org\/index.php\/jardins\/","name":"Jardins Collaboratifs - Bouture.org \u2014 RSE Biodiversit\u00e9 : Jardins Vivants &amp; Animations Nature pour Entreprises","isPartOf":{"@id":"https:\/\/bouture.org\/#website"},"datePublished":"2026-04-28T09:43:43+00:00","dateModified":"2026-04-28T09:43:44+00:00","breadcrumb":{"@id":"https:\/\/bouture.org\/index.php\/jardins\/#breadcrumb"},"inLanguage":"fr-FR","potentialAction":[{"@type":"ReadAction","target":["https:\/\/bouture.org\/index.php\/jardins\/"]}]},{"@type":"BreadcrumbList","@id":"https:\/\/bouture.org\/index.php\/jardins\/#breadcrumb","itemListElement":[{"@type":"ListItem","position":1,"name":"Accueil","item":"https:\/\/bouture.org\/"},{"@type":"ListItem","position":2,"name":"Jardins Collaboratifs"}]},{"@type":"WebSite","@id":"https:\/\/bouture.org\/#website","url":"https:\/\/bouture.org\/","name":"Bouture.org \u2014 RSE Biodiversit\u00e9 : Jardins Vivants &amp; Animations Nature pour Entreprises","description":"Biodiversit\u00e9, Bien-\u00eatre &amp; Bienveillance Une approche soci\u00e9tale et humaine de l&#039;\u00e9cologie.","publisher":{"@id":"https:\/\/bouture.org\/#organization"},"potentialAction":[{"@type":"SearchAction","target":{"@type":"EntryPoint","urlTemplate":"https:\/\/bouture.org\/?s={search_term_string}"},"query-input":{"@type":"PropertyValueSpecification","valueRequired":true,"valueName":"search_term_string"}}],"inLanguage":"fr-FR"},{"@type":"Organization","@id":"https:\/\/bouture.org\/#organization","name":"Bouture.org \u2014 RSE Biodiversit\u00e9 : Jardins Vivants &amp; Animations Nature pour Entreprises","url":"https:\/\/bouture.org\/","logo":{"@type":"ImageObject","inLanguage":"fr-FR","@id":"https:\/\/bouture.org\/#\/schema\/logo\/image\/","url":"https:\/\/bouture.org\/wp-content\/uploads\/2026\/04\/bouture_logo_header_200x60.png","contentUrl":"https:\/\/bouture.org\/wp-content\/uploads\/2026\/04\/bouture_logo_header_200x60.png","width":200,"height":60,"caption":"Bouture.org \u2014 RSE Biodiversit\u00e9 : Jardins Vivants &amp; Animations Nature pour Entreprises"},"image":{"@id":"https:\/\/bouture.org\/#\/schema\/logo\/image\/"}}]}},"uagb_featured_image_src":{"full":false,"thumbnail":false,"medium":false,"medium_large":false,"large":false,"1536x1536":false,"2048x2048":false},"uagb_author_info":{"display_name":"Philippe Wasselin","author_link":"https:\/\/bouture.org\/index.php\/author\/philippe\/"},"uagb_comment_info":0,"uagb_excerpt":"Jardins Collaboratifs &amp; Biodiversit\u00e9 Nous participons \u00e0 vos c\u00f4t\u00e9s \u00e0 l\\&rsquo;optimisation de la Qualit\u00e9 de Vie au Travail en r\u00e9alisant [&hellip;]","_links":{"self":[{"href":"https:\/\/bouture.org\/index.php\/wp-json\/wp\/v2\/pages\/52","targetHints":{"allow":["GET"]}}],"collection":[{"href":"https:\/\/bouture.org\/index.php\/wp-json\/wp\/v2\/pages"}],"about":[{"href":"https:\/\/bouture.org\/index.php\/wp-json\/wp\/v2\/types\/page"}],"author":[{"embeddable":true,"href":"https:\/\/bouture.org\/index.php\/wp-json\/wp\/v2\/users\/2"}],"replies":[{"embeddable":true,"href":"https:\/\/bouture.org\/index.php\/wp-json\/wp\/v2\/comments?post=52"}],"version-history":[{"count":1,"href":"https:\/\/bouture.org\/index.php\/wp-json\/wp\/v2\/pages\/52\/revisions"}],"predecessor-version":[{"id":226,"href":"https:\/\/bouture.org\/index.php\/wp-json\/wp\/v2\/pages\/52\/revisions\/226"}],"wp:attachment":[{"href":"https:\/\/bouture.org\/index.php\/wp-json\/wp\/v2\/media?parent=52"}],"curies":[{"name":"wp","href":"https:\/\/api.w.org\/{rel}","templated":true}]}}